{"id":122,"date":"2025-04-08T13:23:39","date_gmt":"2025-04-08T11:23:39","guid":{"rendered":"https:\/\/kinderstiftungtroisdorf.de\/wordpress\/?page_id=122"},"modified":"2025-09-16T18:25:06","modified_gmt":"2025-09-16T16:25:06","slug":"kinderstiftung-ueber-uns","status":"publish","type":"page","link":"https:\/\/kinderstiftungtroisdorf.de\/wordpress\/kinderstiftung-ueber-uns\/","title":{"rendered":"\u00dcber uns"},"content":{"rendered":"<div class=\"wpb-content-wrapper\">[vc_row][vc_column width=&#8220;1\/4&#8243;][vc_column_text css=&#8220;&#8220;]Wer sind wir?[\/vc_column_text][\/vc_column][vc_column width=&#8220;3\/4&#8243;][vc_column_text css=&#8220;&#8220;]Wir, die \u201eKinderStiftung Troisdorf\u201c, sind eine gemeinn\u00fctzige B\u00fcrgerstiftung. Wir f\u00f6rdern mit unserer Arbeit b\u00fcrgerschaftliches Engagement, indem wir uns f\u00fcr sozial und materiell benachteiligte Kinder und Jugendliche Jahre in allen Stadtteilen der Stadt Troisdorf einsetzen.[\/vc_column_text][\/vc_column][\/vc_row][vc_row][vc_column width=&#8220;1\/4&#8243;][vc_column_text css=&#8220;&#8220;]Rechtsform:[\/vc_column_text][\/vc_column][vc_column width=&#8220;3\/4&#8243;][vc_column_text css=&#8220;&#8220;]Die KinderStiftung Troisdorf ist eine Treuhandstiftung, das hei\u00dft eine nicht rechtsf\u00e4hige Stiftung. Sie wird treuh\u00e4nderisch von der \u201eCaritasStiftung im Erzbistum K\u00f6ln\u201c verwaltet und von dieser im Rechts- und Gesch\u00e4ftsverkehr vertreten.[\/vc_column_text][\/vc_column][\/vc_row][vc_row][vc_column width=&#8220;1\/4&#8243;][vc_column_text css=&#8220;&#8220;]Stiftungszweck:[\/vc_column_text][\/vc_column][vc_column width=&#8220;3\/4&#8243;][vc_column_text css=&#8220;&#8220;]Die Stiftung f\u00f6rdert die Entwicklungs- und Zukunftschancen f\u00fcr sozial und materiell benachteiligte Kinder und Jugendliche in der Stadt Troisdorf, um deren Lebensumst\u00e4nde und Zukunftsperspektiven zu verbessern.[\/vc_column_text][\/vc_column][\/vc_row][vc_row][vc_column width=&#8220;1\/4&#8243;][vc_column_text css=&#8220;&#8220;]Ziele der Stiftung:[\/vc_column_text][\/vc_column][vc_column width=&#8220;3\/4&#8243;][vc_column_text css=&#8220;&#8220;]Mit den zur Verf\u00fcgung stehenden finanziellen Mitteln (anfallende Zinsertr\u00e4ge aus dem Stiftungsverm\u00f6gen und Spenden) sollen Ma\u00dfnahmen (Projekte und Einzelfallhilfen) in den Bereichen Bildung, schulische F\u00f6rderung, Integration und Pr\u00e4vention, Familienunterst\u00fctzung, Sozialraumf\u00f6rderung u.a.m. unterst\u00fctzt werden.[\/vc_column_text][\/vc_column][\/vc_row][vc_row][vc_column width=&#8220;1\/4&#8243;][vc_column_text css=&#8220;&#8220;]Gr\u00fcndung:[\/vc_column_text][\/vc_column][vc_column width=&#8220;3\/4&#8243;][vc_column_text css=&#8220;&#8220;]Die Gr\u00fcndung der KinderStiftung, der Stiftungsakt, erfolgte im M\u00e4rz 2012 in Troisdorf im Rathaus. 36 Gr\u00fcndungsstifter leisteten durch Ihr Engagement einen wichtigen Beitrag zum Wohle benachteiligter Kinder und Jugendlicher in Troisdorf[\/vc_column_text][\/vc_column][\/vc_row][vc_row][vc_column width=&#8220;1\/4&#8243;][vc_column_text css=&#8220;&#8220;]Organ der Stiftung:[\/vc_column_text][\/vc_column][vc_column width=&#8220;3\/4&#8243;][vc_column_text css=&#8220;&#8220;]Organ der Stiftung ist das Kuratorium. Es lenkt die Gesch\u00e4fte der Stiftung und trifft die Entscheidung \u00fcber die Verwendung der Stiftungsgelder. Das Kuratorium besteht aus 15 Mitgliedern, die ehrenamtlich t\u00e4tig sind. Kuratoriumsvorsitzende ist Andrea Schrahe, ihr Stellvertreter Felix Busse.[\/vc_column_text][\/vc_column][\/vc_row][vc_row][vc_column width=&#8220;1\/4&#8243;][vc_column_text css=&#8220;&#8220;]Gesch\u00e4ftsf\u00fchrung:[\/vc_column_text][\/vc_column][vc_column width=&#8220;3\/4&#8243;][vc_column_text css=&#8220;&#8220;]Die Gesch\u00e4ftsf\u00fchrung der Stiftung liegt bei bzw. teilen sich die Kuratoriumsmitglieder Andrea Schrahe (Vorsitzende), Felix Busse (stellvertretender Vorsitzender), Monika B\u00e4hr, Tim Bayer und Sven Riedel.[\/vc_column_text][\/vc_column][\/vc_row][vc_row][vc_column width=&#8220;1\/4&#8243;][vc_column_text css=&#8220;&#8220;]Unterst\u00fctzungsm\u00f6glichkeiten:[\/vc_column_text][\/vc_column][vc_column width=&#8220;3\/4&#8243;][vc_column_text css=&#8220;&#8220;]Sie k\u00f6nnen Ihr Geld zustiften oder spenden. Zustiftungen flie\u00dfen dem Stiftungsverm\u00f6gen zu und kommen einer langfristigen F\u00f6rderung von Kindern und Jugendlichen entsprechend dem Stiftungszweck zu Gute. Spenden erm\u00f6glichen schnelle Hilfe dort, wo sie am dringendsten notwendig ist.[\/vc_column_text][\/vc_column][\/vc_row][vc_row][vc_column width=&#8220;1\/4&#8243;][vc_column_text css=&#8220;&#8220;]Steuerliche Regelungen:[\/vc_column_text][\/vc_column][vc_column width=&#8220;3\/4&#8243;][vc_column_text css=&#8220;&#8220;]Die Kinderstiftung ist vom Finanzamt als gemeinn\u00fctzige Stiftung anerkannt. Zustiftungen und Spenden k\u00f6nnen steuerlich abgesetzt werden. Entsprechende Bescheinigungen werden von der CaritasStiftung als Treuh\u00e4nderin der KinderStiftung Troisdorf ausgestellt.[\/vc_column_text][\/vc_column][\/vc_row][vc_row][vc_column width=&#8220;1\/4&#8243;][vc_column_text css=&#8220;&#8220;]Zahlungsempf\u00e4nger:[\/vc_column_text][\/vc_column][vc_column width=&#8220;3\/4&#8243;][vc_column_text css=&#8220;&#8220;]Zuwendungen k\u00f6nnen auf unser Konto mit folgenden Angaben \u00fcberwiesen werden:<br \/>\nZahlungsempf\u00e4nger:<\/p>\n<p>KinderStiftung Troisdorf c\/o CaritasStiftung<br \/>\nIBAN DE62 3706 0193 0021 0210 40<br \/>\nBIC GENODED1PAX<\/p>\n<p>Verwendungszweck:<br \/>\nZustiftung oder Spende + Adresse<\/p>\n<p>Der Verwendungszweck sollte unbedingt angegeben werden, da sonst eine Zuordnung zur KinderStiftung Troisdorf schwierig ist. Zudem sollten nat\u00fcrlich auch Name und Adresse nicht fehlen, weil sonst keine Bescheinigung zur Vorlage beim Finanzamt ausgestellt werden kann.[\/vc_column_text][\/vc_column][\/vc_row][vc_row][vc_column width=&#8220;1\/4&#8243;][vc_column_text css=&#8220;&#8220;]Stiftungsverm\u00f6gen:[\/vc_column_text][\/vc_column][vc_column width=&#8220;3\/4&#8243;][vc_column_text css=&#8220;&#8220;]Zum 31.12.2021 betr\u00e4gt das Stiftungsverm\u00f6gen einschlie\u00dflich des \u201eStiftungsfonds Reifenh\u00e4user\u201c rund 630 000 \u20ac.[\/vc_column_text][\/vc_column][\/vc_row][vc_row][vc_column width=&#8220;1\/4&#8243;][vc_column_text css=&#8220;&#8220;]Ansprechpartner:[\/vc_column_text][\/vc_column][vc_column width=&#8220;3\/4&#8243;][vc_column_text css=&#8220;&#8220;]KinderStiftung Troisdorf<br \/>\nAndrea Schrahe<br \/>\nBitburger Str. 8<br \/>\n53842 Troisdorf<br \/>\nE-Mail: info@kinderstiftung-troisdorf.de<br \/>\nTelefon: 02241 \/ 2 61 59 66[\/vc_column_text][\/vc_column][\/vc_row]\n<\/div>","protected":false},"excerpt":{"rendered":"<p>[vc_row][vc_column width=&#8220;1\/4&#8243;][vc_column_text css=&#8220;&#8220;]Wer sind wir?[\/vc_column_text][\/vc_column][vc_column width=&#8220;3\/4&#8243;][vc_column_text css=&#8220;&#8220;]Wir, die \u201eKinderStiftung Troisdorf\u201c, sind eine gemeinn\u00fctzige B\u00fcrgerstiftung. Wir f\u00f6rdern mit unserer Arbeit b\u00fcrgerschaftliches Engagement, indem wir uns f\u00fcr sozial und materiell benachteiligte Kinder und Jugendliche Jahre in allen Stadtteilen der Stadt Troisdorf einsetzen.[\/vc_column_text][\/vc_column][\/vc_row][vc_row][vc_column width=&#8220;1\/4&#8243;][vc_column_text css=&#8220;&#8220;]Rechtsform:[\/vc_column_text][\/vc_column][vc_column width=&#8220;3\/4&#8243;][vc_column_text css=&#8220;&#8220;]Die KinderStiftung Troisdorf ist eine Treuhandstiftung, das hei\u00dft eine nicht rechtsf\u00e4hige Stiftung. Sie wird treuh\u00e4nderisch von der &#8230; <\/p>\n<div><a href=\"https:\/\/kinderstiftungtroisdorf.de\/wordpress\/kinderstiftung-ueber-uns\/\" class=\"more-link\">Read More<\/a><\/div>\n","protected":false},"author":1,"featured_media":0,"parent":0,"menu_order":0,"comment_status":"closed","ping_status":"closed","template":"","meta":{"footnotes":""},"class_list":["post-122","page","type-page","status-publish","hentry","no-post-thumbnail"],"_links":{"self":[{"href":"https:\/\/kinderstiftungtroisdorf.de\/wordpress\/wp-json\/wp\/v2\/pages\/122","targetHints":{"allow":["GET"]}}],"collection":[{"href":"https:\/\/kinderstiftungtroisdorf.de\/wordpress\/wp-json\/wp\/v2\/pages"}],"about":[{"href":"https:\/\/kinderstiftungtroisdorf.de\/wordpress\/wp-json\/wp\/v2\/types\/page"}],"author":[{"embeddable":true,"href":"https:\/\/kinderstiftungtroisdorf.de\/wordpress\/wp-json\/wp\/v2\/users\/1"}],"replies":[{"embeddable":true,"href":"https:\/\/kinderstiftungtroisdorf.de\/wordpress\/wp-json\/wp\/v2\/comments?post=122"}],"version-history":[{"count":8,"href":"https:\/\/kinderstiftungtroisdorf.de\/wordpress\/wp-json\/wp\/v2\/pages\/122\/revisions"}],"predecessor-version":[{"id":283,"href":"https:\/\/kinderstiftungtroisdorf.de\/wordpress\/wp-json\/wp\/v2\/pages\/122\/revisions\/283"}],"wp:attachment":[{"href":"https:\/\/kinderstiftungtroisdorf.de\/wordpress\/wp-json\/wp\/v2\/media?parent=122"}],"curies":[{"name":"wp","href":"https:\/\/api.w.org\/{rel}","templated":true}]}}